{"id":76,"date":"2019-10-05T01:13:42","date_gmt":"2019-10-05T01:13:42","guid":{"rendered":"https:\/\/bsgdtphcm.vn\/quanly\/?page_id=76"},"modified":"2020-02-16T09:21:05","modified_gmt":"2020-02-16T09:21:05","slug":"tien-do-cham-diem","status":"publish","type":"page","link":"http:\/\/bsgdtphcm.vn\/quanly\/tien-do-cham-diem\/","title":{"rendered":"Ti\u1ebfn \u0111\u1ed9 ch\u1ea5m \u0111i\u1ec3m"},"content":{"rendered":"\n<p><a rel=\"noreferrer noopener\" aria-label=\"\u0111\u01b0\u1eddng d\u1eabn c\u1eadp nh\u1eadt (m\u1edf trong tab m\u1edbi)\" href=\"https:\/\/docs.google.com\/spreadsheets\/d\/1yUEzk8v1pHalZ7kevBvwmyW5C6WB4h3Dj4LtracIqk4\/edit?usp=sharing\" target=\"_blank\">\u0111\u01b0\u1eddng d\u1eabn c\u1eadp nh\u1eadt<\/a><\/p>\n\n\n\n<p><strong>Ti\u1ebfn \u0111\u1ed9 ch\u1ea5m \u0111i\u1ec3m b\u00e0i ki\u1ec3m tra v\u1ea5n \u0111\u00e1p OB02<\/strong><\/p>\n\n\n\n<iframe loading=\"lazy\" src=\"https:\/\/docs.google.com\/spreadsheets\/d\/e\/2PACX-1vQlEZ_XUkDGlwCkaUY1jH2j1SX0tRXVLBTSTEtuBCkbdUb41mTBXGzV1EK9OGqry_1kNAabXzWkDh45\/pubhtml?gid=52050179&amp;single=true&amp;widget=true&amp;headers=false\" width=\"100%\" height=\"450\"><\/iframe>\n\n\n\n<p><strong>Ti\u1ebfn \u0111\u1ed9 ch\u1ea5m \u0111i\u1ec3m b\u00e0i ph\u00e2n t\u00edch t\u00ecnh hu\u1ed1ng ph\u1ee9c h\u1ee3p OB04<\/strong><\/p>\n\n\n\n<iframe loading=\"lazy\" src=\"https:\/\/docs.google.com\/spreadsheets\/d\/e\/2PACX-1vQlEZ_XUkDGlwCkaUY1jH2j1SX0tRXVLBTSTEtuBCkbdUb41mTBXGzV1EK9OGqry_1kNAabXzWkDh45\/pubhtml?gid=654278547&amp;single=true&amp;widget=true&amp;headers=false\" width=\"100%\" height=\"450\"><\/iframe>\n","protected":false},"excerpt":{"rendered":"<div class=\"mh-excerpt\"><p>\u0111\u01b0\u1eddng d\u1eabn c\u1eadp nh\u1eadt Ti\u1ebfn \u0111\u1ed9 ch\u1ea5m \u0111i\u1ec3m b\u00e0i ki\u1ec3m tra v\u1ea5n \u0111\u00e1p OB02 Ti\u1ebfn \u0111\u1ed9 ch\u1ea5m \u0111i\u1ec3m b\u00e0i ph\u00e2n t\u00edch t\u00ecnh hu\u1ed1ng ph\u1ee9c h\u1ee3p <a class=\"mh-excerpt-more\" href=\"http:\/\/bsgdtphcm.vn\/quanly\/tien-do-cham-diem\/\" title=\"Ti\u1ebfn \u0111\u1ed9 ch\u1ea5m \u0111i\u1ec3m\">[&#8230;]<\/a><\/p>\n<\/div>","protected":false},"author":1,"featured_media":0,"parent":0,"menu_order":0,"comment_status":"closed","ping_status":"closed","template":"","meta":{"footnotes":""},"class_list":["post-76","page","type-page","status-publish","hentry"],"_links":{"self":[{"href":"http:\/\/bsgdtphcm.vn\/quanly\/wp-json\/wp\/v2\/pages\/76","targetHints":{"allow":["GET"]}}],"collection":[{"href":"http:\/\/bsgdtphcm.vn\/quanly\/wp-json\/wp\/v2\/pages"}],"about":[{"href":"http:\/\/bsgdtphcm.vn\/quanly\/wp-json\/wp\/v2\/types\/page"}],"author":[{"embeddable":true,"href":"http:\/\/bsgdtphcm.vn\/quanly\/wp-json\/wp\/v2\/users\/1"}],"replies":[{"embeddable":true,"href":"http:\/\/bsgdtphcm.vn\/quanly\/wp-json\/wp\/v2\/comments?post=76"}],"version-history":[{"count":4,"href":"http:\/\/bsgdtphcm.vn\/quanly\/wp-json\/wp\/v2\/pages\/76\/revisions"}],"predecessor-version":[{"id":302,"href":"http:\/\/bsgdtphcm.vn\/quanly\/wp-json\/wp\/v2\/pages\/76\/revisions\/302"}],"wp:attachment":[{"href":"http:\/\/bsgdtphcm.vn\/quanly\/wp-json\/wp\/v2\/media?parent=76"}],"curies":[{"name":"wp","href":"https:\/\/api.w.org\/{rel}","templated":true}]}}