{"id":314,"date":"2020-02-23T00:35:37","date_gmt":"2020-02-23T00:35:37","guid":{"rendered":"https:\/\/bsgdtphcm.vn\/quanly\/?page_id=314"},"modified":"2021-11-30T06:22:33","modified_gmt":"2021-11-30T06:22:33","slug":"ecg-3-thang","status":"publish","type":"page","link":"http:\/\/bsgdtphcm.vn\/quanly\/ecg-3-thang\/","title":{"rendered":"ECG 3 th\u00e1ng"},"content":{"rendered":"\n<p>Trang n\u00e0y t\u1eadp trung c\u00e1c c\u00f4ng c\u1ee5 kh\u00e1c nhau v\u1ec1 \u0111\u00e0o t\u1ea1o tr\u1ef1c tuy\u1ebfn v\u1ec1 ECG<\/p>\n\n\n<h2>Danh s\u00e1ch \u0111\u0103ng k\u00fd m\u1edbi<\/h2>\n<p><a href=\"https:\/\/docs.google.com\/spreadsheets\/d\/1S0Qh9WG1pWYQhsCKUX5cQ6IT62CHrfQl3APWgPX3Xyo\/edit?usp=sharing\" target=\"_blank\" rel=\"noopener noreferrer\">\u0111\u01b0\u1eddng d\u1eabn v\u00e0o danh s\u00e1ch<\/a><\/p>\n<p><a href=\"https:\/\/docs.google.com\/forms\/d\/e\/1FAIpQLSdBn4YRM_WSTlvdaHSsandrUEkpgb61JuzeDQO-jkgdNULRbA\/viewform?usp=sf_link\" target=\"_blank\" rel=\"noopener noreferrer\">\u0110\u01b0\u1eddng d\u1eabn v\u00e0o m\u1eabu \u0111\u0103ng k\u00fd<\/a><\/p>\n<p><\/p>\n<p><\/p>\n<h2>&nbsp;<\/h2>\n<h2>&nbsp;<\/h2>\n<h2>N\u01a1i nh\u1eadp n\u1ed9i dung<\/h2>\n<ul>\n<li>H\u01b0\u1edbng d\u1eabn c\u00e1ch \u0111\u1ecdc n\u1ed9i dung ECG: <a href=\"https:\/\/bsgdtphcm.vn\/video\/ecg\/napthongtinecg.mp4\" target=\"_blank\" rel=\"noopener noreferrer\">https:\/\/bsgdtphcm.vn\/video\/ecg\/napthongtinecg.mp4<\/a><\/li>\n<li>Xem th\u01b0 vi\u1ec7n n\u1ed9i dung ECG v\u00e0 \u0111\u1ec3 \u0111\u1ecdc ECG: <a href=\"https:\/\/bsgdtphcm.vn\/ecg\/noidung\" target=\"_blank\" rel=\"noopener noreferrer\">https:\/\/bsgdtphcm.vn\/ecg\/noidung<\/a><\/li>\n<li>&nbsp;<\/li>\n<li>H\u01b0\u1edbng d\u1eabn n\u1ea1p c\u00e2u h\u1ecfi : <a href=\"https:\/\/bsgdtphcm.vn\/video\/ecg\/napcauhoiecg.mp4\" target=\"_blank\" rel=\"noopener noreferrer\">https:\/\/bsgdtphcm.vn\/video\/ecg\/napcauhoiecg.mp4<\/a><\/li>\n<li>N\u1ea1p c\u00e2u h\u1ecfi ECG: <a href=\"https:\/\/bsgdtphcm.vn\/ecg\/cauhoi\" target=\"_blank\" rel=\"noopener noreferrer\">https:\/\/bsgdtphcm.vn\/ecg\/cauhoi<\/a><\/li>\n<li>&nbsp;<\/li>\n<\/ul>\n\n\n<\/p>\n<h3><strong>Th\u01b0 m\u1ee5c ch\u1ee9a c\u00e1c kho n\u1ed9i dung ECG (BS Ph\u01b0\u1edbc v\u00e0 BS Li\u00eam s\u1ebd chuy\u1ec3n n\u1ed9i dung l\u00ean):<\/strong><\/h3>\n<p>\n\n\n\n<\/p>\n<p>https:\/\/bsgdtphcm.vn\/video\/ecg<\/p>\n<p>\n\n\n\n<p><strong>T\u1ed5ng h\u1ee3p th\u00e0nh th\u01b0 vi\u1ec7n n\u1ed9i dung t\u00ecnh hu\u1ed1ng<\/strong> (BS Ph\u01b0\u1edbc v\u00e0 Li\u00eam s\u1ebd t\u1ed5ng h\u1ee3p l\u1ea1i, c\u00e1c b\u1ea1n kh\u00e1c kh\u00f4ng c\u1ea7n ph\u1ea3i ch\u00fa \u00fd)<\/p>\n\n\n\n<p>trang ch\u00ednh <a href=\"https:\/\/docs.google.com\/spreadsheets\/d\/1PkkKpJAM351SlZpV2Vyqi0Z55_YhDMFD_29OB7f3LdE\/edit#gid=1296912168\">https:\/\/docs.google.com\/spreadsheets\/d\/1PkkKpJAM351SlZpV2Vyqi0Z55_YhDMFD_29OB7f3LdE\/edit#gid=1296912168<\/a><\/p>\n\n\n\n<p><strong>Trang ph\u1ee5<\/strong><\/p>\n\n\n\n<p><a href=\"https:\/\/drive.google.com\/open?id=19fT_EHGByvo4XU14OLy-euhWrSdzlkwG\">https:\/\/drive.google.com\/open?id=19fT_EHGByvo4XU14OLy-euhWrSdzlkwG<\/a><\/p>\n\n\n\n<h2 class=\"wp-block-heading\">C\u00f4ng c\u1ee5 gi\u00fap n\u1ea1p email b\u00e0i t\u1eadp ECG cho \u0111\u1ea7u kh\u00f3a <\/h2>\n\n\n<p><a href=\"https:\/\/docs.google.com\/spreadsheets\/d\/10ImOjQtqjbb8umYRZ7LN1siqEU5XsYSAwxLvZ3zldE4\/edit#gid=229969901\" target=\"_blank\" rel=\"noopener noreferrer\">C\u00f4ng c\u1ee5 d\u00f9ng \u0111\u1ec3 n\u1ea1p email<\/a><\/p>\n\n\n<h2 class=\"wp-block-heading\">Gi\u00fap h\u1ecdc ECG \u0111\u1ecdc to\u00e0n b\u1ed9<\/h2>\n\n\n<p><a href=\"https:\/\/bsgdtphcm.vn\/api\/ecg_view.php\" target=\"_blank\" rel=\"noopener noreferrer\">https:\/\/bsgdtphcm.vn\/api\/ecg_view.php<\/a><\/p>\n<h3>Theo d\u00f5i ng\u01b0\u1eddi kh\u00f4ng h\u1ecdc<\/h3>\n<p><a href=\"http:\/\/bsgdtphcm.vn\/baocao\/follow_bsgd_overday.php?lop=c1\">http:\/\/bsgdtphcm.vn\/baocao\/follow_bsgd_overday.php?lop=c1<\/a><\/p>\n<p><a href=\"http:\/\/bsgdtphcm.vn\/baocao\/follow_bsgd_overday.php?lop=c\" target=\"_blank\" rel=\"noopener noreferrer\">http:\/\/bsgdtphcm.vn\/baocao\/follow_bsgd_overday.php?lop=c2<\/a><\/p>\n<p><a href=\"http:\/\/bsgdtphcm.vn\/baocao\/follow_bsgd_overday.php?lop=c3\" target=\"_blank\" rel=\"noopener noreferrer\">http:\/\/bsgdtphcm.vn\/baocao\/follow_bsgd_overday.php?lop=c3<\/a><\/p>\n<p><a href=\"http:\/\/bsgdtphcm.vn\/baocao\/follow_bsgd_overday.php?lop=c4\" target=\"_blank\" rel=\"noopener noreferrer\">http:\/\/bsgdtphcm.vn\/baocao\/follow_bsgd_overday.php?lop=c4<\/a><\/p>\n<p>\u00a0<\/p>\n<p>\u00a0<\/p>\n<h4>Ch\u1ec9nh s\u1eeda ECG<\/h4>\n<p><a href=\"https:\/\/docs.google.com\/spreadsheets\/d\/1YGoKEZeQiDc1b0z1JOxSnLW62nRFDLkbMFHT6qqMVDI\/edit#gid=0\" target=\"_blank\" rel=\"noopener noreferrer\">ch\u1ec9nh s\u1eeda<\/a><\/p>","protected":false},"excerpt":{"rendered":"<div class=\"mh-excerpt\"><p>Trang n\u00e0y t\u1eadp trung c\u00e1c c\u00f4ng c\u1ee5 kh\u00e1c nhau v\u1ec1 \u0111\u00e0o t\u1ea1o tr\u1ef1c tuy\u1ebfn v\u1ec1 ECG Danh s\u00e1ch \u0111\u0103ng k\u00fd m\u1edbi \u0111\u01b0\u1eddng d\u1eabn v\u00e0o danh <a class=\"mh-excerpt-more\" href=\"http:\/\/bsgdtphcm.vn\/quanly\/ecg-3-thang\/\" title=\"ECG 3 th\u00e1ng\">[&#8230;]<\/a><\/p>\n<\/div>","protected":false},"author":1,"featured_media":0,"parent":0,"menu_order":0,"comment_status":"closed","ping_status":"closed","template":"","meta":{"footnotes":""},"class_list":["post-314","page","type-page","status-publish","hentry"],"_links":{"self":[{"href":"http:\/\/bsgdtphcm.vn\/quanly\/wp-json\/wp\/v2\/pages\/314","targetHints":{"allow":["GET"]}}],"collection":[{"href":"http:\/\/bsgdtphcm.vn\/quanly\/wp-json\/wp\/v2\/pages"}],"about":[{"href":"http:\/\/bsgdtphcm.vn\/quanly\/wp-json\/wp\/v2\/types\/page"}],"author":[{"embeddable":true,"href":"http:\/\/bsgdtphcm.vn\/quanly\/wp-json\/wp\/v2\/users\/1"}],"replies":[{"embeddable":true,"href":"http:\/\/bsgdtphcm.vn\/quanly\/wp-json\/wp\/v2\/comments?post=314"}],"version-history":[{"count":12,"href":"http:\/\/bsgdtphcm.vn\/quanly\/wp-json\/wp\/v2\/pages\/314\/revisions"}],"predecessor-version":[{"id":569,"href":"http:\/\/bsgdtphcm.vn\/quanly\/wp-json\/wp\/v2\/pages\/314\/revisions\/569"}],"wp:attachment":[{"href":"http:\/\/bsgdtphcm.vn\/quanly\/wp-json\/wp\/v2\/media?parent=314"}],"curies":[{"name":"wp","href":"https:\/\/api.w.org\/{rel}","templated":true}]}}