{"id":13,"date":"2019-09-25T22:00:00","date_gmt":"2019-09-25T22:00:00","guid":{"rendered":"https:\/\/bsgdtphcm.vn\/quanly\/?page_id=13"},"modified":"2023-03-02T01:01:45","modified_gmt":"2023-03-02T01:01:45","slug":"chuyen-khoa-i","status":"publish","type":"page","link":"http:\/\/bsgdtphcm.vn\/quanly\/chuyen-khoa-i\/","title":{"rendered":"Chuy\u00ean khoa I"},"content":{"rendered":"\n<p>C\u00e1c chuy\u00ean \u0111\u1ec1 l\u00e2m s\u00e0ng<\/p>\n\n\n\n<p><a href=\"https:\/\/docs.google.com\/document\/d\/1J-R1ZvvC9g_jN4VDRFrBhgYtKV6X_QX2uo5DSVRL-uQ\/edit#heading=h.hfq3hem6w4ws\">https:\/\/docs.google.com\/document\/d\/1J-R1ZvvC9g_jN4VDRFrBhgYtKV6X_QX2uo5DSVRL-uQ\/edit#heading=h.hfq3hem6w4ws<\/a><\/p>\n\n\n\n<p><\/p>\n\n\n\n<p><strong>L\u1ecaCH TH\u1ef0C H\u00c0NH H\u1eccC PH\u1ea6N YHG\u0110 2, 3<\/strong><\/p>\n\n\n\n<p><strong>L\u1edaP CHUY\u00caN KHOA 1 YHG\u0110 K9 (2021-2023) V\u00c0 K10 (2022-2024)<\/strong><\/p>\n\n\n\n<p><strong>N\u0102M H\u1eccC 2022-2023<\/strong><\/p>\n\n\n\n<figure class=\"wp-block-table\"><table><tbody><tr><td><\/td><td>Th\u1ee9 hai<\/td><td>Th\u1ee9 ba<\/td><td>Th\u1ee9 t\u01b0<\/td><td>Th\u1ee9 n\u0103m<\/td><td>Th\u1ee9 s\u00e1u<\/td><\/tr><tr><td>Gi\u1ea3ng vi\u00ean ph\u1ee5 tr\u00e1ch chuy\u00ean \u0111\u1ec1<\/td><td>ThS Vi<\/td><td>ThS Ti\u00ean<\/td><td>ThS Di\u1ec5m<\/td><td>TS. S\u0129\/ TS. Li\u00eam&nbsp;<\/td><td>ThS. Th\u00f9y Ch\u00e2u<\/td><\/tr><tr><td>T\u00ean chuy\u00ean \u0111\u1ec1<\/td><td>Kh\u00e1m s\u1ee9c kh\u1ecfe t\u1ed5ng qu\u00e1t&nbsp;L\u00fd gi\u1ea3i k\u1ebft qu\u1ea3 x\u00e9t nghi\u1ec7mTi\u1ebfp c\u1eadn n\u00f4n \u00f3iTi\u1ebfp c\u1eadn t\u00e1o b\u00f3nTi\u1ebfp c\u1eadn t\u0103ng men ganTi\u1ebfp c\u1eadn gan nhi\u1ec5m m\u1ee1Ch\u0103m s\u00f3c d\u1ef1 ph\u00f2ngH\u1ea1 \u0111\u01b0\u1eddng huy\u1ebft: ch\u1ea9n \u0111o\u00e1n, c\u01a1 ch\u1ebf, tri\u1ec7u ch\u1ee9ng, \u0111i\u1ec1u tr\u1ecb, ph\u00f2ng ng\u1eeba.Ch\u1ea9n \u0111o\u00e1n \u0110T\u0110, L\u1eadp k\u1ebf ho\u1ea1ch m\u1ee5c ti\u00eau \u0111i\u1ec1u tr\u1ecbS\u1eed d\u1ee5ng thu\u1ed1c u\u1ed1ng trong \u0111i\u1ec1u tr\u1ecb \u0110T\u0110S\u1eed d\u1ee5ng thu\u1ed1c ti\u00eam trong \u0111i\u1ec1u tr\u1ecb \u0110T\u0110C\u00e1ch s\u1eed d\u1ee5ng, b\u1ea3o qu\u1ea3n thu\u1ed1c ti\u00eam insulinB\u1ea3o v\u1ec7 th\u1eadn, tim m\u1ea1ch tr\u00ean BN \u0110T\u0110Ch\u0103m s\u00f3c t\u1ed5ng qu\u00e1t, to\u00e0n di\u1ec7n BN c\u00f3 B\u1ec7nh \u0110T\u0110 ngo\u1ea1i tr\u00faX\u1eed tr\u00ed BN c\u00f3 bi\u1ec3u hi\u1ec7n suy h\u00f4 h\u1ea5p&nbsp;Ti\u1ebfp c\u1eadn kh\u00f2 kh\u00e8&nbsp;<\/td><td>1 Ti\u1ebfp c\u1eadn tr\u1ebb ho, th\u1edf r\u00edt t\u1ea1i ph\u00f2ng kh\u00e1m2 Ti\u1ebfp c\u1eadn tr\u1ebb kh\u00f2 kh\u00e83 Qu\u1ea3n l\u00fd v\u00e0 ch\u0103m s\u00f3c tr\u1ebb hen ph\u1ebf qu\u1ea3n&nbsp;4 K\u1ef9 n\u0103ng s\u1eed d\u1ee5ng m\u00e1y phun kh\u00ed dung v\u00e0 b\u00ecnh x\u1ecbt \u0111\u1ecbnh li\u1ec1u5 Ti\u1ebfp c\u1eadn v\u00e0 c\u1ea5p c\u1ee9u tr\u1ebb b\u1ecb s\u1eb7c6 Ti\u1ebfp c\u1eadn tr\u1ebb b\u1ecb t\u00e1o b\u00f3n7 M\u1ed9t s\u1ed1 v\u1ea5n \u0111\u1ec1 trong th\u1ef1c h\u00e0nh nu\u00f4i con b\u1eb1ng s\u1eefa m\u1eb98 M\u1ed9t s\u1ed1 v\u1ea5n \u0111\u1ec1 v\u1ec1 s\u1eed d\u1ee5ng thu\u1ed1c \u1edf tr\u1ebb em trong b\u1ed1i c\u1ea3nh ngo\u1ea1i tr\u00fa9 Vi\u00eam h\u00f4 h\u1ea5p tr\u00ean \u1edf tr\u1ebb em10 M\u1ed9t s\u1ed1 v\u1ea5n \u0111\u1ec1 v\u1ec1 s\u1eed d\u1ee5ng kh\u00e1ng sinh trong \u0111i\u1ec1u tr\u1ecb vi\u00eam ph\u1ed5i c\u1ed9ng \u0111\u1ed3ng \u1edf tr\u1ebb em.11 M\u1ed9t s\u1ed1 v\u1ea5n \u0111\u1ec1 trong th\u1ef1c h\u00e0nh ti\u00eam ch\u1ee7ng \u1edf tr\u1ebb em12 S\u01a1 c\u1ea5p c\u1ee9u ban \u0111\u1ea7u m\u1ed9t s\u1ed1 tai n\u1ea1n trong sinh ho\u1ea1t \u1edf tr\u1ebb em- Chuy\u1ec3n vi\u1ec7n an to\u00e0n13 Th\u1ef1c h\u00e0nh h\u1ed3i s\u1ee9c tim ph\u1ed5i \u1edf tr\u1ebb em14 M\u1ed9t s\u1ed1 v\u1ea5n \u0111\u1ec1 li\u00ean quan \u0111\u1ebfn ph\u1ea3n \u1ee9ng qu\u00e1 m\u1eabn- c\u1ea5p c\u1ee9u shock ph\u1ea3n v\u1ec7 \u1edf tr\u1ebb em15 Th\u1ef1c h\u00e0nh \u0111\u00e1nh gi\u00e1 dinh d\u01b0\u1ee1ng \u1edf tr\u1ebb em16 Ph\u00e1t hi\u1ec7n, x\u1eed tr\u00ed v\u00e0 ph\u00f2ng tr\u00e1nh c\u00e1c b\u1ec7nh, t\u1eadt li\u00ean quan \u0111\u1ebfn h\u1ecdc \u0111\u01b0\u1eddng.<br><\/td><td>X\u1eed tr\u00ed c\u00e1c t\u00ecnh hu\u1ed1ng li\u00ean quan \u0111\u1ebfn v\u00e0ng da s\u01a1 sinhCh\u0103m s\u00f3c tr\u00e0o ng\u01b0\u1ee3c d\u1ea1 d\u00e0y th\u1ef1c qu\u1ea3n \u1edf tr\u1ebb s\u01a1 sinhCh\u0103m s\u00f3c tr\u1ebb s\u1ed1tCh\u0103m s\u00f3c tr\u1ebb ti\u00eau ch\u1ea3y c\u1ea5p&nbsp;<\/td><td>Ch\u0103m s\u00f3c t\u1ed5ng th\u1ec3 + 5 m\u1ee5c ti\u00eau c\u1ee7a bu\u1ed5i kh\u00e1m b\u1ec7nh (kh\u00f4ng tr\u00ecnh chuy\u00ean \u0111\u1ec1)Ti\u1ebfp c\u1eadn tri\u1ec7u ch\u1ee9ng vi\u00eam d\u01b0\u1edbi g\u00f3c nh\u00ecn c\u1ee7a c\u00e1c c\u01a1 ch\u1ebf mi\u1ec5n d\u1ecbchTi\u1ebfp c\u1eadn tr\u01b0\u1eddng h\u1ee3p m\u1ea5t ng\u1ee7, kh\u00f3 ng\u1ee7Ti\u1ebfp c\u1eadn tr\u01b0\u1eddng h\u1ee3p m\u1ec7t m\u1ecfi m\u00e3n t\u00ednhTi\u1ebfp c\u1eadn tr\u01b0\u1eddng h\u1ee3p run, r\u1ed1i lo\u1ea1n v\u1eadn \u0111\u1ed9ngTi\u1ebfp c\u1eadn c\u00e1c v\u1ea5n \u0111\u1ec1 v\u1ec1 b\u1ec7nh l\u00fd chuy\u1ec3n h\u00f3a chung&nbsp;Ti\u1ebfp c\u1eadn tr\u01b0\u1eddng h\u1ee3p y\u1ebfu c\u01a1.&nbsp;Ch\u0103m s\u00f3c b\u1ec7nh nh\u00e2n n\u1eb1m li\u1ec7t gi\u01b0\u1eddngTi\u1ebfp c\u1eadn \u0111au v\u00e0 c\u00e1c th\u1ec3 d\u1ecb c\u1ea3m chung&nbsp;Ti\u1ebfp c\u1eadn tr\u01b0\u1eddng h\u1ee3p co gi\u1eadt, s\u1ed1t cao co gi\u1eadt\u0110au c\u1ed9t s\u1ed1ng \u2013 Th\u1ea7n kinh t\u1ecda &#8211; \u0110au r\u1ec5 th\u1ea7n kinhTi\u1ebfp c\u1eadn \u0111i\u1ec1u tr\u1ecb s\u1ed1t&nbsp;B\u1ec7nh l\u00fd m\u1ea1ch m\u00e1u chi d\u01b0\u1edbiS\u1eed d\u1ee5ng thu\u1ed1c kh\u00e1ng vi\u00eam &#8211; thu\u1ed1c corticoid trong c\u00e1c b\u1ec7nh l\u00fd th\u01b0\u1eddng g\u1eb7p v\u00e0 b\u1ec7nh Covid-19Qu\u1ea3n l\u00fd b\u1ec7nh nh\u00e2n THA, \u0110T\u0110 trong th\u1ef1c h\u00e0nh YHG\u0110T\u00e9 ng\u00e3 \u1edf ng\u01b0\u1eddi l\u1edbn tu\u1ed5i<\/td><td>1. D\u1ef1 ph\u00f2ng b\u1ec7nh tim m\u1ea1ch2. THA nguy\u00ean ph\u00e1t3. THA th\u1ee9 ph\u00e1t v\u00e0 c\u01a1n THA4. B\u1ec7nh m\u1ea1ch v\u00e0nh m\u1ea1n&nbsp;5. Suy tim6. D\u1ef1 ph\u00f2ng b\u1ec7nh ph\u1ed5i m\u1ea1n t\u00ednh7. Hen8. Copd9. Vi\u00eam ph\u1ed5i c\u1ed9ng \u0111\u1ed3ng &#8211; lao ph\u1ed5i10. D\u1ef1 ph\u00f2ng ung th\u01b011. Thi\u1ebfu m\u00e1u12. Nhi\u1ec5m virus VGSVB &#8211; vi\u00eam gan m\u1ea1n&nbsp;13. Nhi\u1ec5m Hp &#8211; vi\u00eam d\u1ea1 d\u00e0y14. Vi\u00eam m\u0169i &#8211; vi\u00eam da &#8211; vi\u00eam k\u1ebft m\u1ea1c d\u1ecb \u1ee9ng15. Sa s\u00fat tr\u00ed tu\u1ec716. R\u1ed1i lo\u1ea1n lo \u00e2u &#8211; tr\u1ea7m c\u1ea3m<\/td><\/tr><\/tbody><\/table><\/figure>\n\n\n\n<p><strong>M\u1ed9t s\u1ed1 chuy\u00ean \u0111\u1ec1 kh\u00e1c:&nbsp;<\/strong><\/p>\n\n\n\n<p>Ti\u1ebfp c\u1eadn tr\u1ebb xanh xao trong ch\u0103m s\u00f3c to\u00e0n di\u1ec7n<\/p>\n\n\n\n<p>X\u1eed tr\u00ed kh\u1ee7ng ho\u1ea3ng cho nh\u00e2n vi\u00ean y t\u1ebf tham gia ch\u1ed1ng d\u1ecbch (kh\u00f4ng tr\u00ecnh chuy\u00ean \u0111\u1ec1)<\/p>\n\n\n\n<p>H\u00ecnh \u1ea3nh h\u1ecdc h\u1ec7 h\u00f4 h\u1ea5p trong b\u1ec7nh Covid-19 (kh\u00f4ng tr\u00ecnh chuy\u00ean \u0111\u1ec1)<\/p>\n\n\n\n<p>Ch\u0103m s\u00f3c tai m\u0169i h\u1ecdng h\u00e0ng ng\u00e0y (Email: bsduyquangsdh@pnt.edu.vn)<\/p>\n\n\n\n<p>M\u1ea5t kh\u01b0\u1edbu gi\u00e1c tr\u00ean b\u1ec7nh nh\u00e2n Covid-19: theo d\u00f5i, x\u1eed tr\u00ed v\u00e0 t\u1eadp ph\u1ee5c h\u1ed3i (kh\u00f4ng tr\u00ecnh chuy\u00ean \u0111\u1ec1)<\/p>\n\n\n\n<p>XQ trong c\u1ea5p c\u1ee9u<\/p>\n\n\n\n<figure class=\"wp-block-embed\"><div class=\"wp-block-embed__wrapper\">\nhttps:\/\/docs.google.com\/spreadsheets\/d\/1gLa7POE2n93pM2uilWwjccaHoHypMSpFNo6F2ta9P8w\/edit#gid=1151431659\n<\/div><\/figure>\n\n\n\n<p><\/p>\n","protected":false},"excerpt":{"rendered":"<div class=\"mh-excerpt\"><p>C\u00e1c chuy\u00ean \u0111\u1ec1 l\u00e2m s\u00e0ng https:\/\/docs.google.com\/document\/d\/1J-R1ZvvC9g_jN4VDRFrBhgYtKV6X_QX2uo5DSVRL-uQ\/edit#heading=h.hfq3hem6w4ws L\u1ecaCH TH\u1ef0C H\u00c0NH H\u1eccC PH\u1ea6N YHG\u0110 2, 3 L\u1edaP CHUY\u00caN KHOA 1 YHG\u0110 K9 (2021-2023) V\u00c0 K10 (2022-2024) N\u0102M <a class=\"mh-excerpt-more\" href=\"http:\/\/bsgdtphcm.vn\/quanly\/chuyen-khoa-i\/\" title=\"Chuy\u00ean khoa I\">[&#8230;]<\/a><\/p>\n<\/div>","protected":false},"author":1,"featured_media":0,"parent":0,"menu_order":0,"comment_status":"closed","ping_status":"closed","template":"","meta":{"footnotes":""},"class_list":["post-13","page","type-page","status-publish","hentry"],"_links":{"self":[{"href":"http:\/\/bsgdtphcm.vn\/quanly\/wp-json\/wp\/v2\/pages\/13","targetHints":{"allow":["GET"]}}],"collection":[{"href":"http:\/\/bsgdtphcm.vn\/quanly\/wp-json\/wp\/v2\/pages"}],"about":[{"href":"http:\/\/bsgdtphcm.vn\/quanly\/wp-json\/wp\/v2\/types\/page"}],"author":[{"embeddable":true,"href":"http:\/\/bsgdtphcm.vn\/quanly\/wp-json\/wp\/v2\/users\/1"}],"replies":[{"embeddable":true,"href":"http:\/\/bsgdtphcm.vn\/quanly\/wp-json\/wp\/v2\/comments?post=13"}],"version-history":[{"count":5,"href":"http:\/\/bsgdtphcm.vn\/quanly\/wp-json\/wp\/v2\/pages\/13\/revisions"}],"predecessor-version":[{"id":744,"href":"http:\/\/bsgdtphcm.vn\/quanly\/wp-json\/wp\/v2\/pages\/13\/revisions\/744"}],"wp:attachment":[{"href":"http:\/\/bsgdtphcm.vn\/quanly\/wp-json\/wp\/v2\/media?parent=13"}],"curies":[{"name":"wp","href":"https:\/\/api.w.org\/{rel}","templated":true}]}}